 -3*i**2 - i - 1. Determine w(c).
-7
Let m(g) = 6*g - 2 + 5*g - g**2 - 10*g. Let b be 288/10 + 1/5. Suppose 2*j = -5*k + b, -3*j - 1 - 3 = -2*k. Determine m(j).
-4
Suppose 5*f = 5*d, 7 + 5 = 3*d. Let h(y) = y - 4. What is h(f)?
0
Suppose -5*i - g - 4 = 0, 2*i + 4*g - 7*g = 12. Let x(v) = v**3 - v**2 - v + 1. Let p be x(i). Let u(q) = -q. What is u(p)?
-1
Let j(d) = d**2 + 6*d. Let q(n) = -2*n**2 - 13*n + 1. Let x(t) = 5*j(t) + 2*q(t). Give x(-2).
-2
Let m(y) = -y. Let v(f) = 4*f. Let o(x) = -4*m(x) + v(x). Suppose -2*a = a + 4*z + 19, -2*a + 3*z = -10. What is o(a)?
-8
Suppose 0 = -j - 2 - 1, -21 = -3*b + j. Let o = -3 + b. Suppose -3*p + 3*w + 1 = 2*w, -o*p + 4 = -4*w. Let g(m) = m**3 + m**2 + 6. Determine g(p).
6
Let y(v) = v + 1. Let r be (-90)/4 - (-4)/8. Let p(n) = -5*n - 6. Suppose -2*o + 2 = 10. Let c(t) = o*p(t) + r*y(t). Calculate c(3).
-4
Let q(b) = b**2 - 13*b**2 + 4*b**2 - b**3 + 10*b + 1. What is q(-9)?
-8
Let y(h) = -h**3 + h - 3. Let f be y(0). Let a(m) = -m**2 + 10*m - 4. Let o(i) = -2*i**2 + 15*i - 5. Let d(z) = -3*a(z) + 2*o(z). Calculate d(f).
-7
Let q(n) = 85*n - 35. Let r(v) = 7*v - 3. Let f(d) = 2*q(d) - 25*r(d). Give f(4).
-15
Let u(z) = z**3 + 5*z**2 - 5*z - 1. Let x be (7 + -6)/((-2)/(-12)). Suppose -x = 3*s - 2*s. Give u(s).
-7
Let z(y) = 2*y - 4 + 9 - 4*y - y**2 - 1. What is z(3)?
-11
Let w(r) = -8*r**2 + 9*r - 3. Let b(p) = -12*p**2 + 13*p - 4. Let c(a) = 5*b(a) - 7*w(a). What is c(2)?
-11
Let j(m) = -1. Suppose 5*k = 3*d, 0 = -6*k + k. Let a(h) = 0*h + d*h + h - 11 - 4. Let i(p) = a(p) - 6*j(p). Calculate i(4).
-5
Let k(t) = -t - 10. Suppose 0 = -d - 2*d. Calculate k(d).
-10
Let v(z) = -5*z**2 + 3*z. Let j(k) = -3*k - 2*k**2 + 2*k + 2*k + k**2. Let p(u) = -4*j(u) + v(u). Determine p(-2).
-2
Let p(h) be the second derivative of h**3/3 + 3*h**2/2 - 13*h. Determine p(-4).
-5
Let i(k) = -2*k**2 + 7*k + 11. Let y(n) = 5*n**2 - 14*n - 22. Let o(a) = -7*i(a) - 3*y(a). Give o(-5).
-1
Suppose 5*u + 9 = -6. Let p(q) = 2*q**2 - q - 11. Let l(b) = b**2 - b - 5. Let s(c) = u*p(c) + 7*l(c). Calculate s(3).
-5
Suppose 5*j = 5*m + 45, 3*m = m + 4*j - 24. Let q(l) = l - 3*l + 0 - 2. Determine q(m).
10
Let o(a) be the second derivative of -a**4/12 - a**3 - 5*a**2/2 + 3*a. Let f be (-44)/11*3/(-2). Let y(u) = -u**2 + 6*u - 5. Let z be y(f). Give o(z).
0
Let n(t) = 2*t**3 - 3*t**2 + 3*t - 3. Suppose 3*m - 8 = -m. Give n(m).
7
Let l(q) = 9*q**2 + 13*q + 5. Let o(p) = 4*p**2 + 7*p + 3. Let k(w) = -3*l(w) + 7*o(w). What is k(-7)?
-15
Let c = 2 + -2. Let a = -1 - c. Let p(b) = -1 + 3*b**3 - 117*b**2 + 117*b**2. Determine p(a).
-4
Let w(a) be the first derivative of -a**4/4 - a**3 + a**2 - 4*a - 23. Determine w(-3).
-10
Let l(h) = h**3 + 9*h**2 - h - 6. Let q be l(-9). Let c(d) = d - 7. Calculate c(q).
-4
Let g(o) = -o + 8. Let c be g(6). Let z(k) be the first derivative of 4*k**3/3 - k + 11. Determine z(c).
15
Suppose c - 1 = -5*x + 8, 4*c - 16 = 0. Let j(p) = -p**2 + x + 1 + p + 1. Determine j(0).
3
Suppose -4*c = -5*c - 4*n + 7, 4 = 4*n. Let b(d) = -d + 3. Let u be b(1). Let h(j) = j**3 + 0*j**c - j - u*j - 1. Give h(-2).
-3
Let u = 245 - 240. Let h(i) be the third derivative of i**4/24 - 3*i**3/2 - i**2. Determine h(u).
-4
Let v(s) = s**3 - 8*s**2 + s + 5. Let g(y) = -y**2 - y + 1. Let q(d) = 2*g(d) - v(d). Determine q(5).
7
Let o(b) be the first derivative of -3 + 1/4*b**4 + 1/2*b**2 - 1/3*b**3 - 7*b. What is o(0)?
-7
Let i(f) = -f - 10. Let o(r) = 3. Let p = 0 - 1. Let d be ((-1)/p)/((-2)/4). Let w(c) = d*i(c) - 7*o(c). Determine w(-2).
-5
Let p(v) = 4. Let f(d) = -d - 4. Let c(z) = 3*f(z) + 2*p(z). What is c(-3)?
5
Let c(r) = -5*r**3 - r - 1. Let u(d) = -d + 5. Let w be u(5). Suppose -f = -w*f - 4. Suppose 0 = 3*z - 7*z - f. Give c(z).
5
Let h(u) = -3*u**2 + 3*u - 3. Let t(i) = -2*i**2 + i - 2. Let r(c) = 2*c + 11. Let k be r(-8). Let p(z) = k*t(z) + 3*h(z). What is p(-5)?
6
Let a(l) = 3*l**2 + 2*l + 1. Let k(u) = -u**3 + 3*u**2 + 3*u - 2. Let s be k(4). Let z = 5 + s. Determine a(z).
2
Let m be (-21)/(-3 - -6) - 1. Let l = -13 - m. Let q(v) = -v**2 - 6*v - 7. Calculate q(l).
-2
Let c(u) be the third derivative of -u**5/60 + 5*u**3/6 - 22*u**2. What is c(0)?
5
Let d(u) be the second derivative of u**4/3 - 11*u**3/3 + 3*u**2 - 4*u. Let n(s) = -3*s**2 + 15*s - 4. Let w(o) = -5*d(o) - 7*n(o). Give w(-4).
-6
Suppose -4*b - b - 4*o + 50 = 0, 4*b + 5*o - 49 = 0. Suppose -3*f - 4*r + 6 = 0, -2*f + 5 = b*r - 3*r. Let h be 3*f*1/(-3). Let y(d) = d**2 - d - 1. Give y(h).
1
Suppose l = -3*l + 8. Let t(n) = -10*n**3 - 2*n**l - 2*n + 9*n**3 - 4 - 2*n**2. Determine t(-3).
-7
Let q(g) = -g - 2. Let w be q(-4). Let n(c) = 12 + c**2 + w*c**3 - c - 12. What is n(1)?
2
Suppose -5*u = 15 - 40. Suppose 4*z - 5*z + u = 0. Let y(q) = 2*q - 5. Calculate y(z).
5
Suppose 0 = 2*b + 10, 3*f + f + 37 = -5*b. Let z(p) = 2*p - 1. Let s(g) = 4*g - 3. Let l(t) = -3*s(t) + 7*z(t). Calculate l(f).
-4
Let n(r) = -4*r + 3. Let x = 5 - -7. Let d be (-8)/x + 8/3. What is n(d)?
-5
Suppose -3*n = -n - 2. Let z(i) = 0 + 0 + n - 2*i. Let p be z(3). Let m(v) = v**2 + 5*v + 1. Give m(p).
1
Let n(b) = 3*b + 1. Suppose q = -3*d, -5*d = -4*q - 2*d + 15. Determine n(q).
10
Let c be 9 + (16/4 - 7). Let g(l) = -l + 2. Calculate g(c).
-4
Let p be 42/7 + (1 - 5). Let l(c) be the second derivative of -2*c**p + c**3 - 1/2*c**4 + c + 0 + 1/20*c**5. What is l(5)?
1
Let g(b) = -b**2 - 5*b + 6. Let h be ((-4)/3)/((-2)/15). Let l be (12/h)/((-5)/25). What is g(l)?
0
Let p(v) = 7*v**2 - 22*v + 21. Let h(d) = 11*d**2 - 33*d + 32. Let r(x) = -5*h(x) + 8*p(x). Calculate r(9).
-10
Suppose -k - u = -1, -4*k - u = -k - 7. Let v(i) = i**3 - 5*i**2 + 4*i. Calculate v(k).
-6
Let f be (-2)/6 + 145/(-15). Let s be 6/f - (-9)/15. Suppose s = -h + 2*h. Let c(w) = -w**2 + 10. Calculate c(h).
10
Let g(b) = 11*b**2 + 9*b - 8. Suppose 0 = -5*a - 11 + 56. Let n(x) = -5*x**2 - 4*x + 4. Let k(w) = a*n(w) + 4*g(w). What is k(-3)?
-5
Let b(w) = -w - 3*w - w**2 + 1 + 5*w + w. Let y be b(2). Let a(v) be the first derivative of 4*v**2 - v + 1. What is a(y)?
7
Let t(b) = 8 - 44*b**3 - 2*b - 46*b**3 - 46*b**3 + 6*b**2 + 135*b**3. Calculate t(6).
-4
Let z(h) = -h - 7. Suppose 3*b + 4 = -11. Calculate z(b).
-2
Let h = 17 - 15. Suppose 3 = y + h. Let j(d) = 9*d + 1. Give j(y).
10
Let k be -4 + (-2 - 8/(-2)). Let l(y) = y + 0 - 1 + 0*y. What is l(k)?
-3
Let w(b) = 2*b**2 + 7*b - 1. Let u(f) = f**2 + 3*f - 1. Let j(o) = 7*u(o) - 4*w(o). Suppose -2 + 46 = 4*q. Suppose q - 26 = 5*z. What is j(z)?
9
Let n(m) = -3*m + 1. Let a(z) = -7*z + 3. Let x(j) = -2*a(j) + 5*n(j). Calculate x(-7).
6
Let g be 20/(-3) - 12/(-18). Let m(n) = -4*n - 6. What is m(g)?
18
Let l = -2 - 1. Let i(z) = z + 3. Let a(t) = t + 6. Let m(v) = l*a(v) + 5*i(v). Let p(o) = o**2 - 6*o + 2. Let k be p(6). What is m(k)?
1
Let f(k) = -k**2 + 7*k - 6. Let x be f(4). Suppose 4*a - 14 = x. Let z(m) = -m**3 + 2 + 4*m**2 - 2*m**2 - 8 + 7*m + 2*m**2. Give z(a).
4
Let q(r) be the first derivative of -r**4/4 - 7*r**3/3 - 4*r**2 - 6*r - 5. Suppose 3*v = -2*w - 26, -5*v - 10 = -0*v - 5*w. Give q(v).
6
Let n(x) = 7*x**2 + 5*x - 1. Let s(r) = -3*r**2 - 1 + 14*r**2 + 4*r**2 - 7*r + 18*r. Let c(a) = 13*n(a) - 6*s(a). Determine c(0).
-7
Let b(s) = 6*s**3 + 3*s + 3*s - 7*s**2 + 2 - 5*s**3. Calculate b(6).
2
Let s be (-3)/(10/8 - 2). Let y(v) = v**2 - 3*v + 1. Calculate y(s).
5
Let d(l) = -1 + 5 + 4*l - 2 - 1. What is d(-1)?
-3
Let n be 11/6 - (-3)/18. Let z(b) = 1 + 6*b**2 - 1 + 4 + 7*b + 0*b**n + b**3. Give z(-5).
-6
Let x(f) = f**3 + 3*f**2 + 3*f. Let i be 31/(-3) + 1/3. Let b = i - -5. Let z = 2 + b. Determine x(z).
-9
Let l(b) = -b + 1. Suppose -8*c + 4*c = 24. Give l(c).
7
Suppose 19 = 5*j - 16. Let n(u) = u**3 - 6*u**2 - 8*u + 1. What is n(j)?
-6
Let i = -6 + 9. Let o(u) = -1 + i*u**2 + 8*u + u**2 - u**3 - 2 - 4. Give o(5).
8
Suppose 3*i + 2*n - 4 = 0, -n = -5*i + n - 20. Let p(m) = m**2. Determine p(i).
4
Let k(p) = p**3 + 3*p**2 + 2*p + 3. Let b be k(-2). Suppose 4*l = b*l. Let q(z) = z**2 + 3*z**3 - 17*z - 8 - z**3 + 18*z - 3*z**3. What is q(l)?
-8
Let f(y) = y**2 - 3*y - 6. Suppose 0 = 18*j - 4*j - 70. Give f(j).
4
Let o be (36/(-16))/(9/24). Let v = -11 - o. Let w(d) = d**2 + 5*d + 4. What is w(v)?
4
Let y = -66 + 66. Let h(m) = -m**3 - m**2 + m - 20. Determine